{"id":243,"date":"2018-04-25T12:30:29","date_gmt":"2018-04-25T10:30:29","guid":{"rendered":"http:\/\/aimgmpcomm.cluster026.hosting.ovh.net\/?page_id=243"},"modified":"2018-04-25T13:44:40","modified_gmt":"2018-04-25T11:44:40","slug":"toulouse","status":"publish","type":"page","link":"https:\/\/www.aimg-mp.com\/index.php\/toulouse\/","title":{"rendered":"Toulouse"},"content":{"rendered":"<h2>CHU Toulouse<\/h2>\n<p>Standard 05 61 77 22 33<\/p>\n<p><a href=\"http:\/\/www.chu-toulouse.fr\" target=\"_blank\" rel=\"noopener\">www.chu-toulouse.fr<\/a><\/p>\n<p>Le CHU regroupe plusieurs sites :<\/p>\n<ul>\n<li>Site Purpan :<\/li>\n<\/ul>\n<ul>\n<li style=\"list-style-type: none;\">\n<ul>\n<li>H\u00f4pital Purpan<\/li>\n<li>H\u00f4pital Casselardit (g\u00e9riatrie)<\/li>\n<li>H\u00f4pital Garonne (g\u00e9riatrie)<\/li>\n<li>H\u00f4pital Paule de Viguier (gyn\u00e9cologie)<\/li>\n<li>H\u00f4pital des Enfants<\/li>\n<\/ul>\n<\/li>\n<\/ul>\n<ul>\n<li>H\u00f4pital Rangueil et Larrey<\/li>\n<li>H\u00f4pital La Grave<\/li>\n<li>H\u00f4tel-Dieu Saint-Jacques (services administratifs)<\/li>\n<\/ul>\n<p>Sur le site du CHU vous trouverez les adresses des diff\u00e9rents \u00e9tablissements et leur plan d&#8217;acc\u00e8s : l<a href=\"http:\/\/www.chu-toulouse.fr\/-hopitaux-et-plans-d-acces-\" target=\"_blank\" rel=\"noopener\">ien<\/a><\/p>\n<p>Suivez les liens suivants pour voir sur le site du DUMG la liste des stages validants le CHU dans chaque \u00e9tablissement<\/p>\n<ul>\n<li><a href=\"http:\/\/www.dumg-toulouse.fr\/stages_hospitaliers\/hospital\/310783048\" target=\"_blank\" rel=\"noopener\">Purpan<\/a><\/li>\n<li><a href=\"http:\/\/www.dumg-toulouse.fr\/stages_hospitaliers\/hospital\/310009139\" target=\"_blank\" rel=\"noopener\">Paule de Viguier<\/a><\/li>\n<li><a href=\"http:\/\/www.dumg-toulouse.fr\/stages_hospitaliers\/hospital\/310016977\" target=\"_blank\" rel=\"noopener\">H\u00f4pital des Enfants<\/a><\/li>\n<li><a href=\"http:\/\/www.dumg-toulouse.fr\/stages_hospitaliers\/hospital\/310783063\" target=\"_blank\" rel=\"noopener\">La Grave<\/a><\/li>\n<li><a href=\"http:\/\/www.dumg-toulouse.fr\/stages_hospitaliers\/hospital\/310783055\" target=\"_blank\" rel=\"noopener\">Rangueil \/ Larrey<\/a><\/li>\n<\/ul>\n<p>&nbsp;<\/p>\n<h2>H\u00f4pital Joseph Ducuing<\/h2>\n<p>15 rue de Varsovie<br \/>\n31300 Toulouse<br \/>\n05 61 77 34 00<\/p>\n<p><a href=\"http:\/\/www.hjd.asso.fr\" target=\"_blank\" rel=\"noopener\">www.hjd.asso.fr<\/a><\/p>\n<p>L&#8217;h\u00f4pital Joseph Ducuing est consid\u00e9r\u00e9 comme un h\u00f4pital p\u00e9riph\u00e9rique, les stages qui y sont disponibles ne valident donc pas le CHU.<\/p>\n<p>&nbsp;<\/p>\n<h2>Institut Claudius Regaud<\/h2>\n<p>20-24 rue du pont Saint-Pierre<br \/>\n31052 Toulouse<br \/>\n05 61 42 42 42<\/p>\n<p><a href=\"http:\/\/www.claudiusregaud.fr\/\" target=\"_blank\" rel=\"noopener\">www.claudiusregaud.fr\/<\/a><\/p>\n<p>Le stage d&#8217;oncologie \u00e0 l&#8217;ICR est consid\u00e9r\u00e9 comme validant pour le CHU.<\/p>\n<p>&nbsp;<\/p>\n<hr width=\"100%\" \/>\n<h1>L&#8217;internat :<\/h1>\n<h2>Internat Rangueil<\/h2>\n<p>Adresse : 1 Avenue du Professeur Jean Poulhes, 31400 Toulouse. Dans l&#8217;enceinte de l&#8217;h\u00f4pital Rangueil.<\/p>\n<p>Le logement \u00e0 l&#8217;internat de Rangueil est g\u00e9r\u00e9 par l&#8217;internat de Toulouse (association des sp\u00e9s).<br \/>\nPour y loger lors de votre semestre, il faut en faire la demande le plus rapidement possible aupr\u00e8s du secr\u00e9tariat de l&#8217;internat, en leur envoyant une <a href=\"https:\/\/www.aimg-mp.com\/images\/Stages\/Demande_logement_chu.doc\" target=\"_blank\" rel=\"noopener\">demande de logement<\/a> et une <a href=\"https:\/\/www.aimg-mp.com\/images\/Stages\/Autorisation_prelevement_internat.pdf\" target=\"_blank\" rel=\"noopener\">autorisation de pr\u00e9l\u00e8vement<\/a> (cliquez sur les liens pour t\u00e9l\u00e9charger les documents).<\/p>\n<p>www.internatdetoulouse.com<\/p>\n<p>logements pour les internes situ\u00e9s a l&#8217;hopital de Rangeuil et presence du secretariat de l&#8217;internat a Purpan, soirees internat organisees a purpan la plupart du temps (1 tous les 2 mois environ) parfois a rangueil, piscine ouverte \u00e0 tous les internes \u00e0 Purpan.<\/p>\n<h3>Hiver 2017-2018<\/h3>\n<p>Nom et adresse du logement\u00a0:\u00a0H\u00f4pital Rangueil.<\/p>\n<p>Nombre d\u2019internes log\u00e9s dans ce site\u00a0:\u00a0une quarantaine de place mais c&#8217;est la guerre avec du favoritisme pour les sp\u00e9, sur le premier semestre 2018 : 0 Med G. Envoyer la demande AVANT le choix des stages.<\/p>\n<p>Qualit\u00e9 g\u00e9n\u00e9rale de l\u2019espace priv\u00e9\u00a0:\u00a05<\/p>\n<p>Commentaires\u00a0:\u00a0Petite piaule avec salle de bain, pas beaucoup d&#8217;eau chaude ou d&#8217;eau tout court le matin, chauffage limite. En gros c&#8217;est tr\u00e8s bien mais surtout l&#8217;\u00e9t\u00e9.<\/p>\n<p>Qualit\u00e9 g\u00e9n\u00e9rale de l\u2019espace commun\u00a0:\u00a05<\/p>\n<p>Commentaires\u00a0:\u00a0OK<\/p>\n<p>Qualit\u00e9 g\u00e9n\u00e9rale de l\u2019alimentation\u00a0:\u00a08<\/p>\n<p>Commentaires\u00a0:\u00a0Propre, personnel tr\u00e8s agr\u00e9able.<\/p>\n<p>Entretien des locaux\u00a0:\u00a0+\/-<\/p>\n<p>Y-a-t-il internet\u00a0:\u00a08<\/p>\n<p>Qualit\u00e9 des soir\u00e9es internat\u00a0:<\/p>\n<p>Commentaires\u00a0:\u00a0\u00e0 5 minutes<\/p>\n<p>Localisation de l\u2019internat par rapport \u00e0 l\u2019h\u00f4pital\u00a0:\u00a0Loin de Purpan et du centre ville<br \/>\nA 5 min de Rangueil<br \/>\nPiscine !!!<br \/>\nApr\u00e8s enqu\u00eate, le seul internat de France avec tireuse \u00e0 bi\u00e8re quasi illimit\u00e9e.<\/p>\n<p>Localisation de l\u2019internat par rapport au centre-ville\u00a0:\u00a0Trop loin \u00e0 pied (voiture)<\/p>\n","protected":false},"excerpt":{"rendered":"<p>CHU Toulouse Standard 05 61 77 22 33 www.chu-toulouse.fr Le CHU regroupe plusieurs sites : Site Purpan : H\u00f4pital Purpan H\u00f4pital Casselardit (g\u00e9riatrie) H\u00f4pital Garonne (g\u00e9riatrie) H\u00f4pital Paule de Viguier (gyn\u00e9cologie) H\u00f4pital des Enfants H\u00f4pital Rangueil et Larrey H\u00f4pital La &hellip; <a href=\"https:\/\/www.aimg-mp.com\/index.php\/toulouse\/\">Continuer la lecture <span class=\"meta-nav\">&rarr;<\/span><\/a><\/p>\n","protected":false},"author":413,"featured_media":0,"parent":0,"menu_order":0,"comment_status":"closed","ping_status":"closed","template":"","meta":{"footnotes":""},"class_list":["post-243","page","type-page","status-publish","hentry"],"_links":{"self":[{"href":"https:\/\/www.aimg-mp.com\/index.php\/wp-json\/wp\/v2\/pages\/243","targetHints":{"allow":["GET"]}}],"collection":[{"href":"https:\/\/www.aimg-mp.com\/index.php\/wp-json\/wp\/v2\/pages"}],"about":[{"href":"https:\/\/www.aimg-mp.com\/index.php\/wp-json\/wp\/v2\/types\/page"}],"author":[{"embeddable":true,"href":"https:\/\/www.aimg-mp.com\/index.php\/wp-json\/wp\/v2\/users\/413"}],"replies":[{"embeddable":true,"href":"https:\/\/www.aimg-mp.com\/index.php\/wp-json\/wp\/v2\/comments?post=243"}],"version-history":[{"count":0,"href":"https:\/\/www.aimg-mp.com\/index.php\/wp-json\/wp\/v2\/pages\/243\/revisions"}],"wp:attachment":[{"href":"https:\/\/www.aimg-mp.com\/index.php\/wp-json\/wp\/v2\/media?parent=243"}],"curies":[{"name":"wp","href":"https:\/\/api.w.org\/{rel}","templated":true}]}}