{"id":15462,"date":"2021-08-29T15:52:00","date_gmt":"2021-08-29T13:52:00","guid":{"rendered":"https:\/\/www.aimg-mp.com\/?page_id=15462"},"modified":"2021-08-29T15:52:00","modified_gmt":"2021-08-29T13:52:00","slug":"disponibilite","status":"publish","type":"page","link":"https:\/\/www.aimg-mp.com\/index.php\/cas-particuliers\/disponibilite\/","title":{"rendered":"Disponibilit\u00e9"},"content":{"rendered":"<div id=\"disponibilites\" style=\"text-align: center;\"><\/div>\n<ul style=\"list-style-type: circle;\">\n<li><span style=\"color: #c80d00;\"><i>Quelles conditions ?<\/i><\/span><\/li>\n<\/ul>\n<p>La disponibilit\u00e9 permet \u00e0 l\u2019interne qui la demande d\u2019interrompre son cursus. Mais ce n\u2019est pas \u00e0 toute condition ! Elle peut \u00eatre demand\u00e9e dans 4 situations bien pr\u00e9cises :<\/p>\n<ul>\n<li><b>Accident ou maladie grave<\/b> <b>du conjoint, d&#8217;une personne avec laquelle il est li\u00e9 par un pacte civil de solidarit\u00e9, d&#8217;un enfant ou d&#8217;un ascendant.<\/b> La dur\u00e9e de l&#8217;interruption, en ce cas, est de une ann\u00e9e maximum renouvelable une fois ;<\/li>\n<\/ul>\n<ul>\n<li><b>Etudes ou recherches<\/b> <b>pr\u00e9sentant un int\u00e9r\u00eat g\u00e9n\u00e9ral<\/b>. Cette demande n\u2019est possible qu\u2019apr\u00e8s six mois de fonction (donc \u00e0 partir du deuxi\u00e8me semestre). La dur\u00e9e de l&#8217;interruption, en ce cas, est de une ann\u00e9e maximum renouvelable une fois ;<\/li>\n<\/ul>\n<ul>\n<li><b>Stage de formation ou de perfectionnement en France ou \u00e0 l&#8217;\u00e9tranger. <\/b>L\u00e0 encore, cette demande n\u2019est possible qu\u2019apr\u00e8s six mois de fonction (donc \u00e0 partir du deuxi\u00e8me semestre). La dur\u00e9e de l&#8217;interruption, en ce cas, est de une ann\u00e9e maximum renouvelable une fois ;<\/li>\n<\/ul>\n<ul>\n<li><b>Convenances personnelles<\/b>. Cette demande n&#8217;est possible qu&#8217;apr\u00e8s un an de fonction (donc \u00e0 partir du troisi\u00e8me semestre). La dur\u00e9e de l&#8217;interruption, en ce cas, est de une ann\u00e9e maximum renouvelable une fois.<\/li>\n<\/ul>\n<ul style=\"list-style-type: circle;\">\n<li><span style=\"color: #c80d00;\"><i>Bon \u00e0 savoir ! <\/i><\/span><\/li>\n<\/ul>\n<p>Sp\u00e9cificit\u00e9 r\u00e9gionale\u2026 \u00e0 Toulouse, la disponibilit\u00e9 pour convenances personnelles requiert une argumentation solide et n\u00e9cessite d\u2019avoir valid\u00e9 sa maquette. Elle n\u2019est que tr\u00e8s difficilement accord\u00e9e.<\/p>\n<p>Les demandes r\u00e9alis\u00e9es dans le cadre d&#8217;une grossesse sont g\u00e9n\u00e9ralement accept\u00e9es. Ce, d&#8217;autant plus si avec le cong\u00e9 maternit\u00e9 qui lui fait suite, le stage ne serait pas valid\u00e9 (cas des surnombres non validants).<\/p>\n<p>Il faut savoir que pendant le semestre en disponibilit\u00e9, l&#8217;interne n&#8217;est plus du tout pay\u00e9. Il vaut mieux \u00eatre pr\u00e9venu !<\/p>\n<p>Les internes b\u00e9n\u00e9ficiant d\u2019une disponibilit\u00e9 pour \u00e9tudes, recherche ou formation \/ perfectionnement ont la possibilit\u00e9 d\u2019effectuer des gardes d\u2019internes dans un \u00e9tablissement public de sant\u00e9, apr\u00e8s accord du directeur de cet \u00e9tablissement et sous la responsabilit\u00e9 du chef de p\u00f4le ou, \u00e0 d\u00e9faut, du praticien responsable de la structure interne o\u00f9 il effectue sa garde.<\/p>\n<ul style=\"list-style-type: circle;\">\n<li><span style=\"color: #c80d00;\"><i>Quelles d\u00e9marches ?<\/i><\/span><\/li>\n<\/ul>\n<p>La demande de mise en disponibilit\u00e9 est \u00e0 faire aupr\u00e8s du bureau des affaires m\u00e9dicales du CHU au moins deux mois avant la date de d\u00e9but envisag\u00e9e. Les commissions se tiennent g\u00e9n\u00e9ralement aux alentours de f\u00e9vrier-mars pour le semestre d\u2019\u00e9t\u00e9 suivant et aux alentours de septembre pour le semestre d\u2019hiver suivant.<\/p>\n<p>N\u2019h\u00e9site pas \u00e0 prendre contact avec le(la) pr\u00e9sident(e) ou les secr\u00e9taires de l\u2019association pour nous faire part de ton projet. Nous pourrons t\u2019apporter des conseils, te guider dans l\u2019\u00e9laboration de ta demande et surtout conna\u00eetre ton dossier pour le d\u00e9fendre en commission, car nous y prenons part !<\/p>\n<p>Si tu veux en savoir plus, tu peux te rendre sur <a href=\"https:\/\/www.isnar-img.com\/pendant-linternat\/disponibilite\/\">le site de l\u2019ISNAR IMG<\/a>.<\/p>\n","protected":false},"excerpt":{"rendered":"<p>Quelles conditions ? La disponibilit\u00e9 permet \u00e0 l\u2019interne qui la demande d\u2019interrompre son cursus. Mais ce n\u2019est pas \u00e0 toute condition ! Elle peut \u00eatre demand\u00e9e dans 4 situations bien pr\u00e9cises : Accident ou maladie grave du conjoint, d&#8217;une personne &hellip; <a href=\"https:\/\/www.aimg-mp.com\/index.php\/cas-particuliers\/disponibilite\/\">Continuer la lecture <span class=\"meta-nav\">&rarr;<\/span><\/a><\/p>\n","protected":false},"author":413,"featured_media":0,"parent":173,"menu_order":0,"comment_status":"closed","ping_status":"closed","template":"","meta":{"footnotes":""},"class_list":["post-15462","page","type-page","status-publish","hentry"],"_links":{"self":[{"href":"https:\/\/www.aimg-mp.com\/index.php\/wp-json\/wp\/v2\/pages\/15462","targetHints":{"allow":["GET"]}}],"collection":[{"href":"https:\/\/www.aimg-mp.com\/index.php\/wp-json\/wp\/v2\/pages"}],"about":[{"href":"https:\/\/www.aimg-mp.com\/index.php\/wp-json\/wp\/v2\/types\/page"}],"author":[{"embeddable":true,"href":"https:\/\/www.aimg-mp.com\/index.php\/wp-json\/wp\/v2\/users\/413"}],"replies":[{"embeddable":true,"href":"https:\/\/www.aimg-mp.com\/index.php\/wp-json\/wp\/v2\/comments?post=15462"}],"version-history":[{"count":0,"href":"https:\/\/www.aimg-mp.com\/index.php\/wp-json\/wp\/v2\/pages\/15462\/revisions"}],"up":[{"embeddable":true,"href":"https:\/\/www.aimg-mp.com\/index.php\/wp-json\/wp\/v2\/pages\/173"}],"wp:attachment":[{"href":"https:\/\/www.aimg-mp.com\/index.php\/wp-json\/wp\/v2\/media?parent=15462"}],"curies":[{"name":"wp","href":"https:\/\/api.w.org\/{rel}","templated":true}]}}